ided by c.
27
Let i = 393 + -249. Calculate the remainder when i is divided by 38.
30
Suppose 3*d - 34 - 14 = 0. Calculate the remainder when 39 is divided by d.
7
Suppose 74*k = 55*k + 4009. What is the remainder when k is divided by 66?
13
Let d(s) = 4*s - 9 + 2 - s**3 - 6*s**3 + 6*s**3 - 2*s**2. What is the remainder when 24 is divided by d(-4)?
6
Suppose -j = 7*j - 864. What is the remainder when 213 is divided by j?
105
Let w = 100 - 184. Calculate the remainder when ((-360)/w)/(2/14) is divided by 19.
11
Let m = -2 + 5. Suppose -2*f - k = -1, k - 10 = -2*f - m*f. Suppose -25 = -c + 5*p + 9, c + f*p = 2. Calculate the remainder when 39 is divided by c.
11
Suppose -14*h - 13*h = -12069. What is the remainder when h is divided by 56?
55
Let d(i) = -i**3 - 7*i**2 - 3*i - 2. Suppose 2*s = -3*p + 11, p + 4*p - 19 = -3*s. Calculate the remainder when d(-7) is divided by 4 + s/((-6)/3).
4
Let y(c) = -2*c + 33. Let b be y(14). Suppose 2*h + 3*h + 5 = a, b*h - 175 = -5*a. Calculate the remainder when 58 is divided by a.
28
Let m(y) = y + 4. Let b be m(-6). Let f(n) = -n**3 + 2. Let h = 20 - -8. Calculate the remainder when h is divided by f(b).
8
Let d(y) = 7*y**2 + 12*y - 1. What is the remainder when d(-5) is divided by 58?
56
What is the remainder when 8/((-72)/(-6075)) - -1 is divided by 62?
56
Let z(k) = k**3 + k**2 - 3*k + 5. What is the remainder when 59 is divided by z(3)?
27
Suppose -3*f + 0*f + 57 = 0. Suppose f*n = 21*n - 82. What is the remainder when n is divided by 7?
6
Suppose -50*n + 5309 + 4841 = 0. Calculate the remainder when n is divided by 9.
5
Let t(r) = 9*r + 44. Calculate the remainder when t(-3) is divided by 11.
6
Calculate the remainder when 15 is divided by 4/(-14) + (-60)/(-14).
3
Suppose -40 = -4*d + 4*h, 2*d - 5 - 8 = -5*h. Suppose 2*a + 2 = 2*i, 6*a = i + a + 19. Calculate the remainder when d is divided by i.
3
Let z(y) = -y**2 + 5*y. Let l be z(0). Calculate the remainder when 50 is divided by (l - 101/(-5)) + 7/(-35).
10
Suppose 0 = -3*r - 6 - 0. Let m be -5 + 4 + 6 + r. Suppose -5*b + m = -32. Calculate the remainder when 20 is divided by b.
6
Let v(i) = 15*i**3 - 4*i**2 + 2*i. Calculate the remainder when 347 is divided by v(1).
9
Let f(g) = -g**3 + 6*g**2 + 9*g - 7. Let n(q) = 13 + q**2 - 6 - 3*q - 9. What is the remainder when f(6) is divided by n(-3)?
15
Let z = -5793 - -5816. Calculate the remainder when z is divided by -2 + 3 + -2 - -14.
10
Let j = -7 + 10. Suppose 2*r = -6, -2*a + j = r - 30. Let c = a + -14. Calculate the remainder when 11 is divided by c.
3
Let z(l) = -37*l + 4. Let a be z(-2). Suppose 8*s - 11*s = -a. Let y(f) = 2*f**2 - 2*f - 5. What is the remainder when s is divided by y(3)?
5
Suppose 8*p - 4*p - 472 = 0. Let f(q) = -27*q + 3. Calculate the remainder when p is divided by f(-1).
28
Suppose -3*j = -4*j + 120. Suppose 0 = 2*a - 6*a + j. Calculate the remainder when a is divided by 8.
6
Suppose j = 3*k + 217, -30*j - 2*k = -35*j + 1137. Calculate the remainder when j is divided by 115.
114
Suppose -28*t = -48*t + 240. What is the remainder when 64 is divided by t?
4
Let n = 1252 + -1235. Calculate the remainder when 220 is divided by n.
16
Let o be -1 + 5 + -2 + 1. Suppose 0 = 3*z - o*b - 306, -4*z + 0*b = 3*b - 415. Suppose -4*n = -4 - 100. What is the remainder when z is divided by n?
25
Let b = -391 + 570. Calculate the remainder when b is divided by 36.
35
Let o(a) = -a**3 + 8*a**2 - 2*a + 5. Calculate the remainder when o(5) is divided by (27/5)/(((-12)/40)/(-1)).
16
Calculate the remainder when 98 is divided by (1 - 9)*4*-1*2.
34
Calculate the remainder when 87 is divided by ((-15)/(-2))/(54/108).
12
Let u = 66 + -54. Let p(g) = 2*g**2 - 10*g + 4. Let s be p(5). Suppose 0 = s*r + u - 76. What is the remainder when 45 is divided by r?
13
What is the remainder when 50/150 - (-20)/3 is divided by 6?
1
Let v = -408 + 797. What is the remainder when v is divided by 65?
64
Let r = -14 + 15. Suppose p = -0*n - 2*n - 4, -5*n - 20 = 0. Calculate the remainder when r is divided by (p/8)/(1/2).
0
Suppose 78 = d - 0*d. What is the remainder when d is divided by 0 + -6*64/(-24)?
14
Let y = -241 - -278. What is the remainder when 145 is divided by y?
34
Let q(z) = 19*z - 204. What is the remainder when q(14) is divided by (24/10)/3*20?
14
Let q = -7 + 11. Let y(h) = -h - 1. Let w(t) = t + 24. Let o(k) = w(k) + 2*y(k). What is the remainder when o(9) is divided by q?
1
Let u(p) = 38*p - 393. Calculate the remainder when 261 is divided by u(11).
11
Suppose -251*k - 315 = -254*k. Calculate the remainder when k is divided by 35.
0
Suppose 2*t = 2*n - t - 2, -2*n - 5*t = 14. What is the remainder when 162/10 + n/10 is divided by 9?
7
Let m be (-2)/5 - (-141)/15. Suppose -3*r + m = -3. Suppose 5*c = -5*q + 165, 3*q + 0*q = -r*c + 127. Calculate the remainder when c is divided by 15.
13
Suppose 4*t + 68 = 4*k, 5 = 2*t - 3. Calculate the remainder when 293 is divided by k.
20
Let x = -442 - -445. Calculate the remainder when 175 is divided by x.
1
Suppose 2*o = 3*o - 2. Suppose 5*l - 191 = -h, 0*l - o*h = -l + 47. What is the remainder when 115 is divided by l?
37
What is the remainder when 26 is divided by (2*3)/2*(-132)/(-198)?
0
Suppose 0 = 7*n - 422 + 93. Suppose n = 3*l - 2*y, -2*y = l + 2*y - 39. Let b = 15 - -39. Calculate the remainder when b is divided by l.
16
Let j(r) = r - 8. Let x be ((-4)/5)/(6/(-15)). Let v be (-34)/(-4) - x/(-4). Calculate the remainder when 2 is divided by j(v).
0
Suppose -6*g = -y - 10*g + 83, -3 = -3*g. What is the remainder when y is divided by ((-27)/12)/((-2)/24)?
25
Suppose -6 - 15 = -3*x. Calculate the remainder when 16 is divided by x.
2
Let x = 61 - 26. Suppose -3*n + 19 + x = 0. Calculate the remainder when n is divided by 5.
3
Suppose -2*y - y + 9 = 0. Suppose -y = l - 7. What is the remainder when 103 is divided by (23 - (l + -6)) + 1?
25
Suppose -j + 11 = 8. Suppose -j*i - 127 = -5*k + i, -5*i + 100 = 5*k. Calculate the remainder when 38 is divided by k.
15
Let x(u) = u**2 - 2. Let q(o) = -2*o**2 - o + 5. Let l(g) = 3*q(g) + 7*x(g). Calculate the remainder when l(-8) is divided by 30.
29
Let m(w) = 3*w**2 - 11*w - 20. Calculate the remainder when m(8) is divided by 24.
12
Let r(j) = 23 - j - 7 - 14. Let f = -73 - -80. What is the remainder when f is divided by r(-1)?
1
Suppose 4*x - 15 = -r, 0*x + r = 3*x - 6. Suppose 4*b = -3*v + 9 + 7, 0 = -4*v - b + 17. Suppose v*h = 5 + 3. Calculate the remainder when x is divided by h.
1
Let b(x) = 233*x + 4. Let w be b(13). Let z = w - 6378. Calculate the remainder when 95 is divided by 1/7 - z/105.
31
Suppose -f = 3*y - 133, 3*y + 4*f + 0*f = 127. Calculate the remainder when y is divided by 27.
18
Let l = 17 + -12. Suppose f = l*h + 6*f - 30, 0 = 2*f - 2. Let o = 41 + -28. What is the remainder when o is divided by h?
3
Let b(x) = 128*x**2 - 4*x - 2*x + x**3 - 7 - 135*x**2. What is the remainder when 26 is divided by b(8)?
8
Let t = -9 - -9. Suppose 4*v - 80 + 8 = t. Calculate the remainder when 50 is divided by v.
14
Suppose -3*g - 22 = -5*z, -4*g + 2*g + 7 = z. Suppose b - 11 = 6. What is the remainder when b is divided by z?
2
Suppose 34 = -m + 27. Let d(j) = 2*j - 1. Let l be d(m). Calculate the remainder when 14 is divided by 6/(((-10)/l)/1).
5
Let w = -35 + 32. Let q(p) = p**2 - 3*p - 15. What is the remainder when 7 is divided by q(w)?
1
Suppose 0 = -2*p - z + 96, 20*z - 23*z + 6 = 0. Calculate the remainder when p is divided by 44.
3
Suppose 0 = y + 4*o + 12, -3 = 3*y + o - 0*o. Suppose y = -5*i + 5*s - 21 + 6, 4*i = -4*s - 28. Let b = 38 + i. What is the remainder when 96 is divided by b?
30
What is the remainder when 62 is divided by (65/35 + 3)/((-2)/(-14))?
28
Suppose 0 = -90*g + 105*g - 1665. Calculate the remainder when g is divided by 23.
19
Let d(o) be the second derivative of 19*o**5/20 - o. Suppose w = 6*w - 375. What is the remainder when w is divided by d(1)?
18
Let x(z) = 2*z**3 - z**2. Let h be x(-1). Suppose 0*v = v + 10. What is the remainder when 16 is divided by h - v - (-4 + 2)?
7
Suppose -18*y + 3132 = 270. Calculate the remainder when 587 is divided by y.
110
Let s(w) = w**3 - 10*w**2 - 12*w + 11. Let k be s(11). Let m be 4/8*(7 + -1). Suppose k*z - m*z = -3. What is the remainder 